et x(j) = -j**2 + 14*j - 45. Let i be x(6). Suppose i*s = -5*z + 14505, -s - 4*z - 2779 + 7614 = 0. Is s a composite number?
True
Suppose -21*o - 3358649 = 86*o - 9388206. Is o composite?
True
Let g be (-13 - -3)*(-4)/20. Suppose -27 = -g*s + 255. Let a = 362 - s. Is a composite?
True
Is (1 - 33*8/24)*(-4441)/2 a composite number?
True
Let j = 38325 - 18566. Is j prime?
True
Let s(v) = 2*v**2 + 182*v + 273799. Is s(0) prime?
False
Let g(j) = 28*j**2 + 9*j + 6. Suppose 0 = -t - 4*c + 140, -2*t - 2*c = -3*c - 253. Let y = t + -123. Is g(y) composite?
False
Let t(m) = m**3 - 2*m**2 - 9*m. Let a be t(5). Is 348 + (4/30 - 64/a) a prime number?
False
Let s = 162621 - 60500. Is s a composite number?
False
Let h be (-1)/(-4) - 123/12. Is ((-32990)/25)/(4/h) composite?
False
Let c = -3566 + 10725. Is c prime?
True
Let w(q) = 684*q + 55. Let k(h) = -h**3 + 6*h**2 + 17*h - 61. Let c be k(7). Is w(c) a composite number?
False
Let s = 32 + -9. Let g be -5 - ((1 - -4) + -30). Suppose -g*a = -s*a + 339. Is a a prime number?
True
Let o(x) = 43*x**2 - 31*x + 19. Suppose 413 = 36*g + 23*g. Is o(g) a composite number?
True
Suppose -35*k - 2 = -36*k. Is 1/(4/106328*k) composite?
False
Suppose -4*i + 12 = -8*i, 3*u - 71646 = -2*i. Suppose 2*s - u = 2*a, 0 = s + 2*a - 5*a - 11932. Is s prime?
False
Let c = 61 + -61. Suppose c = -a - 5*w + 3*w + 953, -1 = w. Is a composite?
True
Suppose -4*w - 60826 = 5*s - 11159, -4*w - 49658 = 2*s. Let u = 5054 - w. Is u a composite number?
False
Suppose f + 83 = -57. Let r be ((-7)/(f/(-15)))/(2/(-1480)). Suppose b - r + 158 = 0. Is b prime?
True
Let j(l) = 45*l**2 + 62*l + 1516. Is j(-51) a prime number?
True
Let r = 47 - -16. Let m = 68 - r. Suppose 20987 = m*v - 2*x, 3*v + v - 16787 = -x. Is v composite?
True
Suppose -a = -4*a - 5*w + 25, 2*a - 2*w + 10 = 0. Suppose -4*o + 6*o - 20 = a. Is -1 - (-8)/o - (-56088)/40 prime?
False
Let y = 2739 - 5304. Let g = 824 - y. Is g prime?
True
Suppose -3*y - 383*a + 824433 = -381*a, -3*y + a + 824433 = 0. Is y a composite number?
False
Let x = -754930 - -1058821. Suppose 0*b = 21*b - x. Is b composite?
True
Let n(j) = 232*j**2 + 9*j - 125. Let s be n(-14). Suppose 0 = -2*l + 13*l - s. Is l composite?
False
Let v = -1416 + 6125. Is v a prime number?
False
Let u(o) = -6683*o - 10738. Is u(-63) a prime number?
False
Let r = -23 + 28. Suppose x + 2*x - h - 9 = 0, 17 = x - r*h. Suppose 0 = x*z + 5*p - 2587, 0*z - 4*p + 3877 = 3*z. Is z composite?
False
Let r = 745666 + -389567. Is r prime?
False
Let f(c) = 1702*c**2 + 4*c + 3. Let v be f(-1). Let q = v - 513. Suppose -3*t + q = -1257. Is t a prime number?
False
Let p(m) = 438*m - 1. Suppose -4*y + 132 = -u, y + 148 = 5*y - 5*u. Let i be 4/(y/(-2))*-12. Is p(i) composite?
True
Suppose -2*s + 104144 = -4*r - 104830, -4*s + 417958 = -3*r. Is s composite?
False
Let a = -254 + 303. Suppose -89796 = 37*v - a*v. Is v a composite number?
True
Suppose 5*n - 5 = -2*o, 0 = -4*o + 6*n - 2*n - 32. Let p(s) = -15*s**3 + 15*s - 5. Is p(o) composite?
True
Let l(h) = -1 + 791*h**2 - 6*h + 3*h + 3*h - 4*h + 3*h. Suppose -1 + 0 = r. Is l(r) composite?
True
Suppose 4 - 43 = -47*r + 8. Let p(b) = 2*b - b**2 - 2*b**2 + 115*b**3 - 1 + 2*b**2. Is p(r) a composite number?
True
Let l(a) = -39*a**2 + 12*a - 10 - 6 + 237*a**2. Let h be l(8). Suppose -6*z = 10*z - h. Is z a prime number?
True
Let z(s) = -s**3 - 4*s**2 + 4*s - 1. Let l be (0 + -2)/(5/10). Let u be z(l). Is 16 + -18 - (1 + u) prime?
False
Is 4278040035/4833 + (-2)/(-9) a prime number?
False
Let w(b) = 316*b + 7 - 82 + 6 - 129 - 61. Is w(6) a prime number?
True
Let c = -305 - -333. Suppose c*q - 200530 = 6*q. Is q a composite number?
True
Suppose 0 = 8*a - 40172 - 10836. Suppose 6*x + 2266 - a = 0. Is x a composite number?
True
Let r(q) = -41570*q - 3633. Is r(-6) a composite number?
True
Let f(q) = -5*q**2 + 10*q - 17. Let s be f(-8). Let c = 862 + s. Is c a prime number?
False
Suppose 12 + 0 = -a - 4*f, 4*f + 12 = 0. Let c be ((-16)/(-10) + a)*(-6 - -1). Is (6 + c)*(-4190)/4 prime?
False
Let a be (-136860)/(-105) + 4/7. Suppose -4*f - 252 - a = 0. Let w = 640 + f. Is w prime?
True
Suppose 3*z = -k + 49894, -33258 = -2*z + 4*k - 0*k. Let j = -9724 + z. Is j a composite number?
False
Let l(o) = o**3 - 8*o**2 - o - 6. Let y be l(-6). Let i = -988 - y. Is -1 - i*(12 + -1) a prime number?
True
Suppose 16380 = 4*m - 2*s, -6*m + 2*m - 2*s = -16380. Let g = m - 2338. Is g prime?
False
Let r = -2559 + 354. Let i = r - -4268. Is i composite?
False
Let l(c) = 53508*c - 370. Is l(2) a composite number?
True
Suppose -19*v = -9*v - 20. Suppose -v*o + 2411 = -6383. Is o composite?
False
Let r = 3776 + 38835. Is r a prime number?
True
Let n = -7847 - -4259. Let v = 2009 - n. Is v a prime number?
False
Is (-1 - -1) + (5 - 6) + 1 + 1044133 composite?
False
Let u(k) = -11*k - 178. Let d be u(-16). Is ((-2 - -1)*d)/(12/11766) a composite number?
True
Suppose -f + 2*r = 3*r - 11, 2*r = -3*f + 33. Let n(x) = f + 10 - 253*x + 1 + 3. Is n(-6) a prime number?
True
Let y(l) = -1245*l - 437. Is y(-24) a prime number?
True
Let h(m) = 25*m**2 - 36*m - 26. Let j be (31 - 3)*3/(-4). Is h(j) a composite number?
True
Let f = 74157 - 38636. Is f a prime number?
True
Let w be (-12)/4*(-22)/33. Suppose 4*v - 1235 = v - w*g, -g + 822 = 2*v. Is v a composite number?
False
Let v = -29 + 33. Suppose v*k + 0*k + 5*u = 0, -u - 4 = 0. Suppose -3*p = -4*h - 3781, -3782 = 5*p - 8*p + k*h. Is p prime?
True
Suppose -2*l - 13 = 3*w, -w - 5*l + 25 = -5*w. Let g(c) = -3*c - 16. Let p be g(w). Is (-15 + 3613)/(1 - p) a prime number?
False
Let a(t) = t + 1. Let j(i) = -i**3 - 3*i + 13668. Let n(s) = 4*a(s) + j(s). Let l be n(0). Suppose -11*q + 3*q = -l. Is q composite?
False
Suppose -73*r - 81 = -64*r. Is (2/((-2)/(-1777)))/(r + 10) a composite number?
False
Let u be (-2)/((-10)/25*1) + -1. Is (4/((-32)/(-17764)))/(2/u) composite?
False
Suppose 0 = 2*h - i + 1, -i - 1 + 4 = -h. Suppose -h*j - 1026 = j. Let m = j + 785. Is m a composite number?
False
Suppose -5*s = -2*d - 28, 4*s - 6 = 4*d + 14. Suppose s*y = 2*y + 16196. Is y prime?
True
Let g(h) = -h**2 - 25*h - 43. Let w be g(-23). Suppose 6 = w*r, 4 = -l + r + 4*r. Suppose -5*c = l*c - 12287. Is c prime?
True
Let m be 2/7 - (-928)/(-14). Let u = m - -160. Suppose 4*z - 314 + u = 0. Is z composite?
True
Let d(t) = t + 9. Let z be d(-9). Suppose z*u + 12780 = 3*p + 3*u, p - 4266 = 2*u. Is p a composite number?
True
Let t be (148/(-12))/(10/14010). Let i = 31032 + t. Is i a composite number?
True
Suppose 193*p - 23948286 = -38*p + 9764547. Is p composite?
True
Suppose 0 = -125*j + 7808419 + 6166575 - 5213369. Is j composite?
True
Suppose -7*v - 1972245 = -40*v. Is v a composite number?
True
Let q(g) = 37*g**3 - 9*g**2 - 11*g. Let r be q(-5). Is r/(-70)*(0 + 4) prime?
False
Let z(s) = s**2 + 7*s - 6. Let k be z(-8). Suppose -p - 15 = -5*r, -k*r - p + 5*p + 6 = 0. Suppose -r*q = -5*y + 686, 3*y + y - 2*q = 550. Is y composite?
False
Suppose -283520 = -3*j + 2*d + 186109, -2*j + 4*d + 313070 = 0. Is j a prime number?
False
Let p(n) = n - 7. Let f be p(10). Suppose -4*l + 4826 = -x, f*l = -2*l + 4*x + 6027. Is l a prime number?
False
Suppose -2*x = 2, 5*t + 2*x = 1012103 + 10690. Is t a composite number?
True
Suppose -11*v - 10*v + 861 = 0. Let d = v - -78. Is d a composite number?
True
Suppose 3*x - 35*v - 192663 = -32*v, 192665 = 3*x - 4*v. Is x a prime number?
False
Let o(x) = -x**3 + 75*x**2 + 168*x - 34. Is o(43) composite?
True
Suppose 3*g + 424 = 7*g. Suppose 181*p - 6596 = 177*p. Let q = p - g. Is q prime?
True
Suppose 701*n - 85629155 + 10624618 = -6956364. Is n a prime number?
True
Let w(o) = -93*o + 7. Let p be w(-8). Suppose -486 = 2*r + 2*b, -3*b + 270 = 2*r + p. Let f = r + 361. Is f a prime number?
True
Let x = -22700 - -65599. Is x a prime number?
True
Let v = 404 - 401. Let u(w) = 7*w - 1 - 2*w + 0*w + 13*w. Is u(v) a composite number?
False
Is (81/6)/(-27) - (-3434230)/4 composite?
True
Suppose -116*z = -137*z + 3011127. Is z composite?
False
Let o be 9/(162/478100) - 20/180. Let j = 38887 - o. Is j composite?
True
Let c(o) = -186*o**2 + 33*o - 2. Let l(x) = 94*x**2 - 16*x + 1. Let k(m) = 2*c(m) + 5*l(m). Is k(-6) a composite number?
False
Let d(r) = 4663*r**2. Is d(1) a prime number?
Tr